83
List the prime factors of 5567.
19, 293
What are the prime factors of 9064?
2, 11, 103
List the prime factors of 671.
11, 61
List the prime factors of 13495.
5, 2699
What are the prime factors of 311?
311
What are the prime factors of 2478?
2, 3, 7, 59
List the prime factors of 803.
11, 73
List the prime factors of 11173.
11173
What are the prime factors of 6981?
3, 13, 179
What are the prime factors of 69427?
69427
What are the prime factors of 20078?
2, 10039
What are the prime factors of 13147?
13147
What are the prime factors of 29529?
3, 17, 193
What are the prime factors of 59251?
193, 307
What are the prime factors of 683?
683
List the prime factors of 4796.
2, 11, 109
What are the prime factors of 5454?
2, 3, 101
List the prime factors of 1782.
2, 3, 11
What are the prime factors of 44?
2, 11
What are the prime factors of 8425?
5, 337
What are the prime factors of 34094?
2, 17047
What are the prime factors of 1118?
2, 13, 43
What are the prime factors of 1287?
3, 11, 13
List the prime factors of 3204.
2, 3, 89
List the prime factors of 23074.
2, 83, 139
List the prime factors of 1371.
3, 457
List the prime factors of 3856.
2, 241
What are the prime factors of 361?
19
What are the prime factors of 741?
3, 13, 19
List the prime factors of 112146.
2, 3, 18691
What are the prime factors of 10078?
2, 5039
What are the prime factors of 2595?
3, 5, 173
List the prime factors of 7531.
17, 443
List the prime factors of 315.
3, 5, 7
List the prime factors of 9487.
53, 179
What are the prime factors of 108559?
11, 71, 139
What are the prime factors of 646?
2, 17, 19
List the prime factors of 29315.
5, 11, 13, 41
List the prime factors of 11693.
11, 1063
List the prime factors of 130124.
2, 32531
What are the prime factors of 28179?
3, 31, 101
What are the prime factors of 2724?
2, 3, 227
What are the prime factors of 43142?
2, 11, 37, 53
What are the prime factors of 4448?
2, 139
List the prime factors of 985.
5, 197
What are the prime factors of 2244?
2, 3, 11, 17
List the prime factors of 24966.
2, 3, 19, 73
List the prime factors of 3633.
3, 7, 173
List the prime factors of 2534.
2, 7, 181
List the prime factors of 2058.
2, 3, 7
List the prime factors of 920.
2, 5, 23
List the prime factors of 1475.
5, 59
What are the prime factors of 196?
2, 7
List the prime factors of 4574.
2, 2287
What are the prime factors of 4026?
2, 3, 11, 61
What are the prime factors of 41141?
41141
List the prime factors of 36712.
2, 13, 353
List the prime factors of 1207.
17, 71
List the prime factors of 7565.
5, 17, 89
What are the prime factors of 16908?
2, 3, 1409
List the prime factors of 30670.
2, 5, 3067
What are the prime factors of 8750?
2, 5, 7
List the prime factors of 682.
2, 11, 31
What are the prime factors of 4870?
2, 5, 487
What are the prime factors of 2993?
41, 73
List the prime factors of 6360.
2, 3, 5, 53
What are the prime factors of 1263?
3, 421
List the prime factors of 261.
3, 29
What are the prime factors of 5579?
7, 797
List the prime factors of 450.
2, 3, 5
What are the prime factors of 67664?
2, 4229
List the prime factors of 46612.
2, 43, 271
List the prime factors of 411.
3, 137
List the prime factors of 5498.
2, 2749
What are the prime factors of 3064?
2, 383
List the prime factors of 1396.
2, 349
What are the prime factors of 840?
2, 3, 5, 7
What are the prime factors of 9971?
13, 59
What are the prime factors of 1370?
2, 5, 137
What are the prime factors of 4334?
2, 11, 197
What are the prime factors of 417?
3, 139
List the prime factors of 4421.
4421
What are the prime factors of 2691?
3, 13, 23
List the prime factors of 516.
2, 3, 43
What are the prime factors of 40?
2, 5
What are the prime factors of 1581?
3, 17, 31
What are the prime factors of 2186?
2, 1093
What are the prime factors of 169?
13
What are the prime factors of 132139?
7, 43, 439
What are the prime factors of 60504?
2, 3, 2521
What are the prime factors of 1969?
11, 179
What are the prime factors of 6502?
2, 3251
What are the prime factors of 730?
2, 5, 73
What are the prime factors of 28096?
2, 439
What are the prime factors of 13213?
73, 181
List the prime factors of 7582.
2, 17, 223
What are the prime factors of 10329?
3, 11, 313
What are the prime factors of 86514?
2, 3, 14419
What are the prime factors of 17274?
2, 3, 2879
List the prime factors of 2400.
2, 3, 5
List the prime factors of 948.
2, 3, 79
List the prime factors of 10172.
2, 2543
What are the prime factors of 1270?
2, 5, 127
What are the prime factors of 1320?
2, 3, 5, 11
What are the prime factors of 5018?
2, 13, 193
What are the prime factors of 1940?
2, 5, 97
List the prime factors of 25525.
5, 1021
List the prime factors of 11329.
11329
List the prime factors of 1157.
13, 89
What are the prime factors of 822?
2, 3, 137
What are the prime factors of 3950?
2, 5, 79
List the prime factors of 4635.
3, 5, 103
What are the prime factors of 2875?
5, 23
List the prime factors of 28332.
2, 3, 787
What are the prime factors of 2778?
2, 3, 463
What are the prime factors of 65682?
2, 3, 41, 89
List the prime factors of 4202.
2, 11, 191
List the prime factors of 83473.
13, 6421
List the prime factors of 1720.
2, 5, 43
List the prime factors of 1078.
2, 7, 11
List the prime factors of 9753.
3, 3251
List the prime factors of 2622.
2, 3, 19, 23
List the prime factors of 26701.
26701
What are the prime factors of 3156?
2, 3, 263
What are the prime factors of 4049?
4049
What are the prime factors of 1517?
37, 41
List the prime factors of 117836.
2, 89, 331
List the prime factors of 14193.
3, 19, 83
What are the prime factors of 12243?
3, 7, 11, 53
List the prime factors of 22592.
2, 353
List the prime factors of 600.
2, 3, 5
What are the prime factors of 41?
41
List the prime factors of 9592.
2, 11, 109
List the prime factors of 9130.
2, 5, 11, 83
List the prime factors of 3148.
2, 787
What are the prime factors of 1079?
13, 83
List the prime factors of 1285.
5, 257
What are the prime factors of 94851?
3, 1171
List the prime factors of 7450.
2, 5, 149
What are the prime factors of 8953?
7, 1279
What are the prime factors of 1945?
5, 389
What are the prime factors of 320?
2, 5
List the prime factors of 1819.
17, 107
What are the prime factors of 2263?
31, 73
List the prime factors of 6488.
2, 811
List the prime factors of 40359.
3, 11, 1223
What are the prime factors of 154?
2, 7, 11
What are the prime factors of 1492?
2, 373
List the prime factors of 68436.
2, 3, 1901
List the prime factors of 326.
2, 163
What are the prime factors of 29867?
29867
What are the prime factors of 14817?
3, 11, 449
What are the prime factors of 1631?
7, 233
List the prime factors of 17208.
2, 3, 239
List the prime factors of 5451.
3, 23, 79
List the prime factors of 18618.
2, 3, 29, 107
List the prime factors of 16728.
2, 3, 17, 41
What are the prime factors of 76658?
2, 38329
List the prime factors of 4290.
2, 3, 5, 11, 13
List the prime factors of 3027.
3, 1009
List the prime factors of 53606.
2, 7, 547
List the prime factors of 5046.
2, 3, 29
List the prime factors of 3316.
2, 829
List the prime factors of 1149.
3, 383
List the prime factors of 10259.
10259
What are the prime factors of 1700?
2, 5, 17
List the prime factors of 8196.
2, 3, 683
What are the prime factors of 97401?
3, 32467
What are the prime factors of 889?
7, 127
What are the prime factors of 9387?
3, 7, 149
List the prime factors of 50893.
50893
List the prime factors of 3334.
2, 1667
List the prime factors of 4041.
3, 449
List the prime factors of 12390.
2, 3, 5, 7, 59
What are the prime factors of 20609?
37, 557
List the prime factors of 296.
2, 37
List the prime factors of 493.
17, 29
What are the prime factors of 241?
241
List the prime factors of 18186.
2, 3, 7, 433
List the prime factors of 36547.
7, 23, 227
List the prime factors of 27109.
27109
What are the prime factors of 101392?
2, 6337
List the prime factors of 3026.
2, 17, 89
List the prime factors of 27514.
2, 13757
List the prime factors of 4387.
41, 107
List the prime factors of 4585.
5, 7, 131
List the prime factors of 33132.
2, 3, 11, 251
List the prime factors of 2198.
2, 7, 157
List the prime factors of 6102.
2, 3, 113
List the prime factors of 21402.
2, 3, 29, 41
What are the prime facto